s be m(-4). Let t(i) = i**2 + 16*i + 30. Let r be t(-2). Calculate the highest common divisor of r and s.
2
Let i be 9 + -10 - (-11 - -1). Let c be 93/(-1 - -4) - 4. Calculate the greatest common divisor of i and c.
9
Suppose -3 = 4*n - 7. Let l be (n - -3)*3/(-2). Let d be l/4*(-28)/3. What is the greatest common divisor of d and 28?
14
Let q be 9/3 - 8 - -100. Let s = q - 91. Calculate the greatest common divisor of 28 and s.
4
Suppose 6*b + 2 = -4. Let h be 42 - (-3 - b)*1. Calculate the greatest common divisor of 11 and h.
11
Suppose -192 = 8*u - 10*u. Calculate the greatest common factor of u and 60.
12
Let z be (-9)/(-15) - 1 - (-366)/15. Suppose -6*r + 11*r - 80 = 0. Calculate the highest common factor of z and r.
8
Let m be 1*3 - (1 + -2). Let b be (-8)/(((-52)/936)/((-1)/(-4))). What is the highest common factor of m and b?
4
Let n(k) = k**3 + k**2 + k + 3. Let v(q) = q + 1. Let o be v(1). Let u be n(o). What is the highest common factor of 34 and u?
17
Suppose -3*u + 6 = -0. Suppose w = u*w - 4. Suppose -w*h = h - 900. Calculate the highest common divisor of h and 20.
20
Let h(d) = d**3 + 9*d**2 + 3*d - 12. Let a be h(-4). Calculate the greatest common factor of 182 and a.
14
Let m = -741 + 785. What is the highest common factor of m and 22?
22
Let t(j) be the second derivative of -7*j**3/6 + 7*j**2/2 + 6*j. Let c be t(-5). Calculate the greatest common divisor of c and 28.
14
Let w = 34 + -41. Let s(q) = -5*q - 8. Let z be s(w). What is the highest common factor of z and 108?
27
Let n be (-4)/(-6)*(-1 + 555/6). Suppose 58*p + 300 = n*p. What is the greatest common divisor of p and 250?
50
Suppose 2*d + 2 = 2*k, -4*d + 2 = -6*d - 4*k. Let y be ((-3 - -3) + -42)/d. Suppose 2*m = 6*m - 56. What is the greatest common factor of y and m?
14
Let s = 1082 - 508. Calculate the greatest common divisor of s and 14.
14
Let h be 0 - (-43 + (-1 - 1)). Suppose 1049*a - 1068*a = -1140. Calculate the greatest common factor of h and a.
15
Let t = 15 - 21. Let i be (-2)/(-3)*(t - 0). Let k be 11 - (-2)/i*-2. Calculate the greatest common divisor of 12 and k.
12
Suppose -6*m = -2*m + 4. Let b = 4 - m. Suppose -b*g = -0*g - 2*d - 50, -13 = g - 5*d. What is the greatest common factor of g and 108?
12
Let g(o) be the second derivative of -o**3/6 + 5*o**2 - 35*o. Let v be g(-6). What is the greatest common factor of 64 and v?
16
Suppose -8*f + 82 = -10*f. Let p = -34 - f. What is the highest common factor of 63 and p?
7
Let f(s) = -s - 6. Suppose -4*z = -5*z + 25. Let c = -34 + z. Let w be f(c). Calculate the highest common factor of 12 and w.
3
Suppose 0 = -g + d - 2 + 7, -g - 2*d = -20. Calculate the greatest common divisor of g and 3.
1
Let t be 1062/7 - 14/(-49). Suppose 3*h - 40 = t. Let w(l) = 9*l**3 - 3*l + 2. Let f be w(1). Calculate the highest common divisor of f and h.
8
Suppose 5*u = 3*d + 3*u - 91, -u + 130 = 5*d. Let l(j) = -8*j + 76. Let t be l(5). Calculate the greatest common factor of d and t.
9
Suppose -3*g + 320 = g. Suppose m - 6463 = -6453. Calculate the greatest common divisor of m and g.
10
Let x(c) = -25*c - 5. Let r be x(-5). Let a = -40 - -40. Suppose a = -6*b - 0*b + 180. What is the greatest common factor of r and b?
30
Suppose 173 = 18*c - 97. Let t(o) = 2*o + 4. Let h be t(7). Let y be ((-60)/(-9))/(4/h). What is the highest common divisor of y and c?
15
Let p(z) = -3*z + 30. Let r be p(8). What is the highest common divisor of 558 and r?
6
Let l(d) = d**2 - 10*d + 17. Let f be l(7). Let y be 30 - (-4)/f*-2. Calculate the highest common divisor of y and 96.
32
Suppose -2*k - 4 = 0, -5*a + k = -318 + 151. Calculate the greatest common factor of 10 and a.
1
Suppose 142*p - 576 = 141*p. Calculate the greatest common factor of p and 252.
36
Let r = -11341 - -15930. Calculate the greatest common divisor of r and 13.
13
Let d = -61 + 101. Let w = -18 - -78. Let f be ((-4)/6)/((-2)/w). What is the highest common factor of f and d?
20
Let x be (-22)/6*(1 + -4). Calculate the greatest common divisor of x and 11.
11
Let v(l) = -l**3 + 5*l**2 + 3*l - 1. Let x = -28 - -32. Let j be v(x). What is the greatest common factor of 18 and j?
9
Suppose 96*x = 79*x + 8976. What is the highest common divisor of x and 96?
48
Let z(p) = 3*p. Let l be z(1). Let f(c) = -149*c - 742. Let s be f(-5). Calculate the highest common factor of s and l.
3
Suppose 27 = 2*o + 3*w - 30, -2*w - 95 = -5*o. What is the highest common factor of 609 and o?
21
Let p = 13 - 15. Let b be (4/p)/(1/(-28)). What is the greatest common divisor of b and 8?
8
Suppose 2*f = -5*g + 92, 0 = -f - 3*g - 4 + 48. Suppose -1675 = 13*i - 2039. What is the greatest common divisor of i and f?
28
Let a = 1257 + -938. What is the highest common factor of a and 33?
11
Suppose -3*l = -9, -5 = -4*r + 3*l + 22. Suppose r*i - 888 = 1686. Calculate the highest common factor of 26 and i.
26
Let m be 3/(6/32) - (-322)/(-46). Calculate the highest common divisor of m and 2.
1
Let u(i) = 54*i + 369. Let c(x) = -11*x - 74. Let d(z) = 11*c(z) + 2*u(z). Let v be d(-6). What is the highest common factor of 34 and v?
2
Let q(z) = 7*z**2 + 15*z - 64. Let h be q(-7). Calculate the greatest common divisor of h and 87.
87
Let q(w) = 4*w - 15. Let i be q(5). Suppose 2*v - 9 = -6*b + b, i*v = -b + 57. What is the greatest common divisor of v and 30?
6
Suppose 14*d = 12*d + 306. Calculate the greatest common divisor of 17 and d.
17
Suppose -3*r + 2*r - 5*l + 119 = 0, 95 = r - l. Suppose -9 - r = -4*s. What is the greatest common divisor of s and 297?
27
Let t(h) = -21*h**2 - 190*h - 20. Let n be t(-8). Calculate the highest common divisor of n and 180.
12
Let z = -217 + 134. Let t = 52 - z. Suppose -58 = -4*d + q, 4*d - q - 70 = -6*q. Calculate the greatest common factor of t and d.
15
Suppose 2*r - 5*w = 148, 2*r = 2*w - 3*w + 172. What is the greatest common divisor of 12 and r?
12
Let s be -5*((-636)/(-5))/(-6). Calculate the greatest common divisor of 1484 and s.
106
Suppose 7*r - 6123 = -2*s, -2*s = -2*r + 2241 - 489. Calculate the highest common factor of r and 75.
25
Let w(q) = -q**2 + 22*q**3 + 2*q - 1 + 0 + 33*q**3. Let z be w(1). What is the greatest common factor of z and 5?
5
Suppose 4*n + 0*g - g - 84 = 0, 3*n = -5*g + 86. Let r be (2/3)/(6/(-9)). Let j(o) = 88*o**2. Let a be j(r). Calculate the highest common factor of n and a.
22
Let q = -242 - -246. Calculate the highest common factor of q and 14.
2
Let j = 99 + -93. What is the highest common factor of 16 and j?
2
Let n(y) = -y**2 + 6*y + 13. Let x be (7 - 6) + (-8)/(-1). Let k be n(x). Let g = k + 20. Calculate the greatest common factor of 30 and g.
6
Suppose 69 + 163 = 58*l. Calculate the greatest common factor of l and 52.
4
Let f(t) = -35*t**3 - 4*t**2 - t + 10. Let y be f(-2). Calculate the highest common divisor of 345 and y.
69
Suppose 4*z - 2*u = 64, 4*z - 5*u - 56 = 20. Let i be ((-42)/(-9))/(6/27). What is the highest common factor of z and i?
7
Let o = 1486 - 1397. Calculate the highest common divisor of o and 2047.
89
Let d be (-4)/(-2) - 0 - (-416)/16. Calculate the highest common divisor of 266 and d.
14
Suppose -2*f - 82 = 133*y - 138*y, -3*y - 4*f + 44 = 0. Suppose -3*j = -27 - 45. Calculate the highest common factor of y and j.
8
Let i = 578 - 526. Calculate the highest common divisor of i and 676.
52
Let g be ((-2870)/42)/((-4)/12). Calculate the highest common factor of 10 and g.
5
Let o(b) = 13*b**2 + 81*b - 107. Let l(j) = 3*j**2 + 20*j - 27. Let w(r) = 9*l(r) - 2*o(r). Let i be w(-20). Calculate the greatest common divisor of i and 1.
1
Suppose 0 = 2*b - 566 - 394. Calculate the greatest common factor of 10 and b.
10
Let n(b) = -b**3 + 10*b**2 - 11*b + 1. Let o be n(9). Let z(c) = -7*c + 3. Let g be z(-7). Let q = o + g. Calculate the greatest common divisor of q and 105.
35
Let v(j) = -10 + 6*j**2 + 4*j**2 - j**2 - j**3 + 27*j - 5. Let b be v(11). Suppose 0 = -6*g + 2*g + 32. Calculate the highest common divisor of g and b.
8
Let p = -15 - -17. Suppose -3*l = p*l - 135. Suppose 7*s + 5*u - 101 = 4*s, 0 = s - 5*u - l. What is the highest common factor of 8 and s?
8
Let m = -581 - -587. What is the highest common divisor of m and 192?
6
Let g(c) = -c**2 + 9*c - 5. Let s be g(7). Let t be 2*(-5)/(-6)*s. What is the h